{"id":435,"date":"2024-06-11T10:28:17","date_gmt":"2024-06-11T07:28:17","guid":{"rendered":"https:\/\/ikincielbuzdolabi.ucuzspotcu.com\/satis\/?post_type=product&#038;p=435"},"modified":"2024-06-11T10:28:17","modified_gmt":"2024-06-11T07:28:17","slug":"ikea-friheten-l-koltuk-rahat-ve-sadece-1-sene-kullanildi","status":"publish","type":"product","link":"https:\/\/ikincielbuzdolabi.ucuzspotcu.com\/satis\/urun\/ikea-friheten-l-koltuk-rahat-ve-sadece-1-sene-kullanildi\/","title":{"rendered":"\u0130kea friheten L koltuk rahat ve sadece 1 sene kullan\u0131ld\u0131"},"content":{"rendered":"<p><img loading=\"lazy\" decoding=\"async\" class=\"aligncenter size-full wp-image-436\" src=\"https:\/\/ikincielbuzdolabi.ucuzspotcu.com\/satis\/wp-content\/uploads\/2024\/06\/Ikea-friheten-L-koltuk-1.png\" alt=\"\" width=\"789\" height=\"629\" title=\"\" srcset=\"https:\/\/ikincielbuzdolabi.ucuzspotcu.com\/satis\/wp-content\/uploads\/2024\/06\/Ikea-friheten-L-koltuk-1.png 789w, https:\/\/ikincielbuzdolabi.ucuzspotcu.com\/satis\/wp-content\/uploads\/2024\/06\/Ikea-friheten-L-koltuk-1-300x239.png 300w, https:\/\/ikincielbuzdolabi.ucuzspotcu.com\/satis\/wp-content\/uploads\/2024\/06\/Ikea-friheten-L-koltuk-1-768x612.png 768w, https:\/\/ikincielbuzdolabi.ucuzspotcu.com\/satis\/wp-content\/uploads\/2024\/06\/Ikea-friheten-L-koltuk-1-600x478.png 600w\" sizes=\"auto, (max-width: 789px) 100vw, 789px\" \/> <img loading=\"lazy\" decoding=\"async\" class=\"aligncenter size-full wp-image-437\" src=\"https:\/\/ikincielbuzdolabi.ucuzspotcu.com\/satis\/wp-content\/uploads\/2024\/06\/Ikea-friheten-L-koltuk-2.png\" alt=\"\" width=\"787\" height=\"630\" title=\"\" srcset=\"https:\/\/ikincielbuzdolabi.ucuzspotcu.com\/satis\/wp-content\/uploads\/2024\/06\/Ikea-friheten-L-koltuk-2.png 787w, https:\/\/ikincielbuzdolabi.ucuzspotcu.com\/satis\/wp-content\/uploads\/2024\/06\/Ikea-friheten-L-koltuk-2-300x240.png 300w, https:\/\/ikincielbuzdolabi.ucuzspotcu.com\/satis\/wp-content\/uploads\/2024\/06\/Ikea-friheten-L-koltuk-2-768x615.png 768w, https:\/\/ikincielbuzdolabi.ucuzspotcu.com\/satis\/wp-content\/uploads\/2024\/06\/Ikea-friheten-L-koltuk-2-600x480.png 600w\" sizes=\"auto, (max-width: 787px) 100vw, 787px\" \/> <img loading=\"lazy\" decoding=\"async\" class=\"aligncenter size-full wp-image-438\" src=\"https:\/\/ikincielbuzdolabi.ucuzspotcu.com\/satis\/wp-content\/uploads\/2024\/06\/Ikea-friheten-L-koltuk-3.png\" alt=\"\" width=\"788\" height=\"631\" title=\"\" srcset=\"https:\/\/ikincielbuzdolabi.ucuzspotcu.com\/satis\/wp-content\/uploads\/2024\/06\/Ikea-friheten-L-koltuk-3.png 788w, https:\/\/ikincielbuzdolabi.ucuzspotcu.com\/satis\/wp-content\/uploads\/2024\/06\/Ikea-friheten-L-koltuk-3-300x240.png 300w, https:\/\/ikincielbuzdolabi.ucuzspotcu.com\/satis\/wp-content\/uploads\/2024\/06\/Ikea-friheten-L-koltuk-3-768x615.png 768w, https:\/\/ikincielbuzdolabi.ucuzspotcu.com\/satis\/wp-content\/uploads\/2024\/06\/Ikea-friheten-L-koltuk-3-600x480.png 600w\" sizes=\"auto, (max-width: 788px) 100vw, 788px\" \/><\/p>\n","protected":false},"excerpt":{"rendered":"<p><strong>\u0130kea Friheten L Koltuk Kullan\u0131lmad\u0131\u011f\u0131 i\u015fin ve evde yeterli alan olmad\u0131\u011f\u0131 i\u00e7in sat\u0131l\u0131yor.<\/strong> En : 140 cm | Y\u00fckseklik : 86 cm | derinlik : 151 cm Ikea Koltuk Tak\u0131m\u0131 De\u011fi\u015fik kuma\u015f se\u00e7enekleri, renk ve \u00f6l\u00e7\u00fc \u00e7e\u015fitlili\u011fi ile her tarza hitap eden L koltuk tasar\u0131mlar\u0131, Ikea Tekli koltuk se\u00e7enekleri, ya\u015fam alanlar\u0131n\u0131za ki\u015fisel bir dokunu\u015f katman\u0131n yan\u0131 s\u0131ra rahatl\u0131k ve Marka Temizle. Ikea Ikea koltuk-takimi \u00b7 Renk. Bej. Gri \u00b7 Durum. Kullan\u0131lm\u0131\u015f \u0130kinci el sat\u0131l\u0131k mobilyalar farkl\u0131 marka ve model se\u00e7eneleri ile Letgo&#8217;da. Binlerce koltuk, dolap Malzeme. Keten \u00b7 Fiyat Aral\u0131\u011f\u0131.<\/p>\n","protected":false},"featured_media":436,"template":"","meta":[],"product_brand":[],"product_cat":[32],"product_tag":[40],"class_list":{"0":"post-435","1":"product","2":"type-product","3":"status-publish","4":"has-post-thumbnail","6":"product_cat-ikinci-el-mobilya","7":"product_tag-ikinci-el-koltuk-takimi","9":"first","10":"instock","11":"sale","12":"shipping-taxable","13":"purchasable","14":"product-type-simple"},"_links":{"self":[{"href":"https:\/\/ikincielbuzdolabi.ucuzspotcu.com\/satis\/wp-json\/wp\/v2\/product\/435","targetHints":{"allow":["GET"]}}],"collection":[{"href":"https:\/\/ikincielbuzdolabi.ucuzspotcu.com\/satis\/wp-json\/wp\/v2\/product"}],"about":[{"href":"https:\/\/ikincielbuzdolabi.ucuzspotcu.com\/satis\/wp-json\/wp\/v2\/types\/product"}],"wp:featuredmedia":[{"embeddable":true,"href":"https:\/\/ikincielbuzdolabi.ucuzspotcu.com\/satis\/wp-json\/wp\/v2\/media\/436"}],"wp:attachment":[{"href":"https:\/\/ikincielbuzdolabi.ucuzspotcu.com\/satis\/wp-json\/wp\/v2\/media?parent=435"}],"wp:term":[{"taxonomy":"product_brand","embeddable":true,"href":"https:\/\/ikincielbuzdolabi.ucuzspotcu.com\/satis\/wp-json\/wp\/v2\/product_brand?post=435"},{"taxonomy":"product_cat","embeddable":true,"href":"https:\/\/ikincielbuzdolabi.ucuzspotcu.com\/satis\/wp-json\/wp\/v2\/product_cat?post=435"},{"taxonomy":"product_tag","embeddable":true,"href":"https:\/\/ikincielbuzdolabi.ucuzspotcu.com\/satis\/wp-json\/wp\/v2\/product_tag?post=435"}],"curies":[{"name":"wp","href":"https:\/\/api.w.org\/{rel}","templated":true}]}}

İkea friheten L koltuk rahat ve sadece 1 sene kullanıldı

<p><strong>İkea Friheten L Koltuk Kullanılmadığı işin ve evde yeterli alan olmadığı için satılıyor.</strong> En : 140 cm | Yükseklik : 86 cm | derinlik : 151 cm Ikea Koltuk Takımı Değişik kumaş seçenekleri, renk ve ölçü çeşitliliği ile her tarza hitap eden L koltuk tasarımları, Ikea Tekli koltuk seçenekleri, yaşam alanlarınıza kişisel bir dokunuş katmanın yanı sıra rahatlık ve Marka Temizle. Ikea Ikea koltuk-takimi · Renk. Bej. Gri · Durum. Kullanılmış İkinci el satılık mobilyalar farklı marka ve model seçeneleri ile Letgo&#8217;da. Binlerce koltuk, dolap Malzeme. Keten · Fiyat Aralığı.</p>
